 factors of f.
32939
Suppose 61*n + 4523 = -845. Let v be (-12)/((2/4)/(-1)). Let f = v - n. List the prime factors of f.
2, 7
Let o be ((-1)/(-3))/((-10)/(-36360)*3). Let t = -772 + 485. Let s = o + t. What are the prime factors of s?
3, 13
Let h = 2371 - 1525. Suppose -874 = -2*w + 4*z, -2*w - z + h = 2*z. List the prime factors of w.
3, 11, 13
Suppose -92 = m - 3*v + 117, -2*m - v - 453 = 0. Let t = 466 - m. Suppose 2*y + y - t = u, -3*y = u - 684. List the prime factors of y.
229
Suppose -4*f - 121001 - 217807 = -28*f. List the prime factors of f.
19, 743
Let u(a) = 2*a**2 + 32*a - 29. Let g be u(-17). Suppose 0 = -g*h + 4*h + 5*s + 633, 0 = 4*s + 8. What are the prime factors of h?
7, 89
What are the prime factors of -1*((-16)/(-10) - 61252/20)?
3061
Suppose 172 - 3847 = -5*q. Let z = q - 243. List the prime factors of z.
2, 3, 41
Let x = 1140 + -1155. Let z(u) = -21*u**3 - u**2. Let h be z(-1). What are the prime factors of 159 - (2/6 + h/x)?
2, 5
Let k(s) = -428*s + 1615. List the prime factors of k(-6).
47, 89
Let g be (72/32)/((-5)/(-8160)). Suppose -4*k + g = 12. List the prime factors of k.
3, 5, 61
Let x(i) = -341*i - 66. Suppose -5*f - c - 9 = 0, -3*f - 19 = 2*c - 8. List the prime factors of x(f).
5, 11
Let v(r) = -r**2 - 7*r + 7. Let f be v(-5). Suppose 6*m - 2*m = 2*k + 62, f = m + k. List the prime factors of -1 + m/6*9.
23
Let i(a) = -6*a**2 - 36*a + 10. Let p be i(-7). List the prime factors of (0 + 1 + -3)/(p/2000).
5
Let f(q) = -q - 13. Let b be f(-11). Let y(t) = -17*t**3 - 2*t**2 - 3*t - 2. Let v be y(b). Let u = v + -70. What are the prime factors of u?
2, 31
Let t(s) = 392*s**2 + 39*s + 144. List the prime factors of t(-4).
2, 5, 313
Let l(t) = -t**3 - 5*t**2 - 3599. Let g be l(0). List the prime factors of 3/(-6)*(g - 54/(-6)).
5, 359
Let g(y) = 110*y**2 - 216*y**2 + 107*y**2 + 13*y + 47. List the prime factors of g(-22).
5, 7
Let j(n) = 286*n + 83. What are the prime factors of j(22)?
3, 5, 17
Let q = 782 + -760. Suppose -18*b + 1240 = q*b. List the prime factors of b.
31
Let q be 13 + -8 + -10 + 3232. Let u = -1540 + q. List the prime factors of u.
7, 241
Let j = -15 - -21. Suppose -c = 2*u - j - 8, 5*c - 25 = -u. Suppose -q + 49 = -3*n, -c*n + 130 + 8 = 2*q. List the prime factors of q.
61
Let x = 786 - 512. Suppose -6*a = -1244 - x. What are the prime factors of a?
11, 23
Suppose -3*p = 3*b + 9, b = 2*p - 4*p - 2. What are the prime factors of (1 + 1)/(b/(-588))?
2, 3, 7
Let t be 0*((-2)/(-8))/(2/4). Let q(v) = 15*v + 694. List the prime factors of q(t).
2, 347
What are the prime factors of (-72)/(-45) - 1659168/(-120)?
2, 3457
Let v(s) = -34*s + 304. Let d be v(8). Suppose -4 = -y + 2*j, 4*y - 2*j + 4 = -4*j. Suppose 2*i - d - 24 = y. What are the prime factors of i?
2, 7
Let y = 79266 + -2991. What are the prime factors of y?
3, 5, 113
Let y be 29/(-10) - 1/10. Let i(s) = -28*s**3 - 3*s**2 + 2*s + 1. What are the prime factors of i(y)?
2, 181
Let l(o) = 2*o**2 - 10*o + 3. Let k be l(5). Suppose -5*i + 6*i = -2*t + 727, 2*i + 1080 = k*t. What are the prime factors of t?
2, 181
Suppose -63*m = -58*m + 1035. Let a(c) = 14*c**3 - 3*c**2 - c + 2. Let k be a(-3). Let w = m - k. List the prime factors of w.
193
Let u(v) = v - 3. Let a be u(-16). Let o(r) = r**2 + 13*r. Let q(n) = 1. Let j(y) = o(y) - 3*q(y). List the prime factors of j(a).
3, 37
Let u(s) = -141*s**2 + 5*s + 4. Let i be u(-1). List the prime factors of (-1 - i) + (-2 - 3/1).
2, 17
Let r = -16196 + 37889. What are the prime factors of r?
3, 7, 1033
Let y(d) = d**2 - 28*d + 238. Let s(v) = -v**3 + 9*v**2 - 18*v - 10. Let p be s(5). What are the prime factors of y(p)?
2, 7, 17
Suppose 38*h + 5*h = 46483. Suppose -h = -o + 4*f, 35*o - 5300 = 30*o - f. List the prime factors of o.
1061
Suppose 15291 - 6156 = 7*u. Let g = u - 364. What are the prime factors of g?
941
Suppose 78*d = 82*d + 20, 5*j = -3*d + 47740. List the prime factors of j.
9551
Let i = 5765 - -3856. What are the prime factors of i?
3, 1069
Let q(z) be the first derivative of 1/4*z**4 - 9*z - 2*z**3 + 33 + 3*z**2. What are the prime factors of q(6)?
3
Suppose 0 = -28*k + 27*k + 307. Let m = -219 + k. Suppose 6*g = 10*g - m. What are the prime factors of g?
2, 11
List the prime factors of ((-24)/72)/((-4)/102012).
8501
Let c(n) = 113*n - 344. What are the prime factors of c(38)?
2, 5, 79
Suppose 0 = 22*i - 13*i - 4653. Let w = i - 73. List the prime factors of w.
2, 3, 37
Suppose 87*a = 122*a - 75915. What are the prime factors of a?
3, 241
Let t(y) = -y**2 + 4*y. Let x be t(4). Suppose -v + 3*g + 16 = x, 7*g - 3*g + 32 = 4*v. Suppose -5*q = 5*u - 80, 4*u - v = 8. What are the prime factors of q?
13
Suppose 37*r - 22288 - 53599 = 0. List the prime factors of r.
7, 293
Let h = -835 - -27483. List the prime factors of h.
2, 3331
Let p be -2 + ((-66)/(-2) - 3). Suppose 5*v = 4*a + 14, 5*a - p = -8. Suppose -i - 125 = -v*i. List the prime factors of i.
5
Suppose 5*b + 20 = 0, -3*p + 11 = -0*p + b. Suppose -9*o - p = -4*o, 2*j = -5*o - 5. Suppose -k = -j*k - 120. List the prime factors of k.
2, 3, 5
Suppose 0 = 4*z + x - 9, 5*x + 6 + 3 = -2*z. Let s be 21 + 1 + (-4 - 0). Let c = z + s. What are the prime factors of c?
3, 7
Let i(l) = 4214*l**2 - 8*l - 9. Let s be i(-1). Suppose -m + 3*m + s = 5*k, -3*m + 4193 = 5*k. What are the prime factors of k?
29
Let n(s) = -3*s + 267. Let y = -82 + 82. Let r be n(y). What are the prime factors of r/(4/16*6)?
2, 89
Suppose 28398 + 10809 = 9*w + 8337. What are the prime factors of w?
2, 5, 7
Suppose -10*l = -89 + 589. Let g = 54 + l. Suppose -132 - 79 = -3*w + 5*s, -148 = -2*w - g*s. What are the prime factors of w?
2, 3
Let y be 7*(32/(-64) + 26/28). Suppose -y*l = -5*a - 1793, -l + 4*a = 5*a - 611. List the prime factors of l.
2, 3, 101
Let h(d) = 240*d - 28. Let z(c) = -80*c + 9. Let w(a) = 3*h(a) + 10*z(a). Let q be w(-6). Suppose -7*o + 16*o - q = 0. List the prime factors of o.
2, 3
Let a = -360 - -371. Suppose -3429 = -a*g - 316. List the prime factors of g.
283
Suppose r + 6 = 10. Suppose 0*l = r*l + 2*n - 760, n = -l + 191. List the prime factors of l.
3, 7
Let u(y) = -34*y**3 + 2*y**2 + 3*y - 5. Let g be u(-3). Suppose g = 37*b - 35*b. List the prime factors of b.
461
Let s(z) = 197*z + 73. Let v be s(7). Suppose 1249*y - 1246*y = v. List the prime factors of y.
2, 11
Let k be 449/(-4) - (-3)/12. Suppose 5*a - 46 = 6*a. Let b = a - k. List the prime factors of b.
2, 3, 11
Let p(m) = -109*m - 1. Let b be p(-1). Let j(k) = k**3 + 7*k**2 - 25*k - 77. Let r be j(-3). Suppose 2*d - b = -r. What are the prime factors of d?
37
Let x(c) = 10*c + 18 - 49 + 4*c. Let o = 896 - 887. List the prime factors of x(o).
5, 19
Let t(f) = -437 - 6*f - f + 435 + 308*f**2. What are the prime factors of t(-1)?
313
Let b(f) = 7*f**3 - 7*f**2 + 13*f - 3. Let r(q) = -6*q**3 + 5*q**2 - 12*q + 1. Let h(t) = -5*b(t) - 6*r(t). List the prime factors of h(11).
2, 3, 337
Suppose -29*p - 222 = 8*p. Let c(h) = -6*h + 9 - 1 + 12. What are the prime factors of c(p)?
2, 7
Let j = 15907 - 10096. What are the prime factors of j?
3, 13, 149
Suppose 4*p + 5*s = 5 + 20, 20 = 2*p + 4*s. Suppose p = 10*b - 9380 + 1490. What are the prime factors of b?
3, 263
Suppose 19*l - 51 - 44 = 0. Let t be 2 - (-2 + (-6)/1). Suppose -t*b = -l*b - 540. What are the prime factors of b?
2, 3
Let k(c) = 2291*c + 4390. List the prime factors of k(9).
89, 281
Suppose -3*f + 4*v = -2146 - 22297, 3*f - 24433 = 2*v. Let x be f/(-49) - (-1)/7. Let i = x - -277. List the prime factors of i.
3, 37
Let s(a) be the second derivative of -17*a + a**2 - 2*a**3 + 5*a**3 + 0*a**3 + 3*a**3. List the prime factors of s(1).
2, 19
Let m = 753 - 400. List the prime factors of (1 - 0)/(2/(-6)) + m.
2, 5, 7
Let o(c) = -c**3 - 2*c**2 + 16*c - 87. Let f be o(7). Let j = f - -578. List the prime factors of j.
2, 3
Suppose -16*p + 25941 = 924 - 25447. List the prime factors of p.
2, 19, 83
Suppose -s + 15 = 3*f, 2*f + 0*s + 2*s = 14. Suppose -188 = -x + 3*o, 3*x - 576 = 9*o - f*o. What are the prime factors of x?
197
Suppose 11*l - 29*l + 36 = 0. List the prime factors of 7 + -11 + 351 + l/1.
349
Let s(b) = -2*b**2 - 30*b + 19. Let j be s(-15). Let w = 109 - j. Let x = -60 + w. What are the prime factors of x?
2, 3, 5
Let j(n) = 2